9*s**3 - 3116*s**2 + 688*s + 1318. Give a(346).
-66
Let v(w) = w**3 + 63*w**2 + 516*w - 754. Give v(-53).
-12
Let c(j) = 25043*j - 100028. Give c(4).
144
Let o(n) = 2696*n - 18861. Calculate o(7).
11
Let t(x) = -5*x**2 - 8906*x + 62410. Determine t(7).
-177
Let d(s) = 176*s - 5951. Calculate d(36).
385
Let t(j) = 1026*j**2 - 7*j + 19. Give t(1).
1038
Let t(p) = 108055*p - 108057. Determine t(1).
-2
Let z(m) = m**2 - 43*m - 34027. Calculate z(-164).
-79
Let s(n) = -92*n - 1667. What is s(-28)?
909
Let t(y) = 45727*y + 548746. Determine t(-12).
22
Let f(m) = -2*m**2 - 163*m + 4431. What is f(-103)?
2
Let x(w) = -7664*w + 145635. What is x(19)?
19
Let o(b) = -1751*b + 24164. Calculate o(14).
-350
Let r(f) = 73*f**2 + 193*f - 163. Calculate r(-3).
-85
Let l(n) = 238340*n - 2860050. Calculate l(12).
30
Let n(m) = -474*m - 67842. What is n(-143)?
-60
Let g(i) = 42*i**2 - 107134*i + 107134. Calculate g(1).
42
Let v(c) = 10*c**3 + 730*c**2 + 2758*c - 63. Calculate v(-69).
75
Let o(j) = 116341*j - 349006. Calculate o(3).
17
Let a(r) = -28653*r - 630376. What is a(-22)?
-10
Let p(i) = 168*i - 151133. Determine p(899).
-101
Let d(f) = f**3 - 36*f**2 + 74907*f - 2772932. Determine d(37).
-4
Let d(m) = -1789*m - 11789. What is d(-7)?
734
Let p(f) = 2*f**3 + 66*f**2 - 3232*f + 444. Calculate p(-60).
-36
Let w(k) = 64*k**3 + 34*k**2 - 48*k - 39. Give w(2).
513
Let w(r) = -12*r**2 - 186*r + 1915. Calculate w(7).
25
Let u(f) = 1529395*f + 9176374. Give u(-6).
4
Let q(d) = d**3 - 23*d**2 - 19*d + 21. Determine q(17).
-2036
Let w(h) = -28*h**3 + 6*h**2 + 43*h - 49. Calculate w(-5).
3386
Let h(m) = 246*m + 25689. What is h(-107)?
-633
Let n(k) = -4*k**3 - 888*k**2 - 2633*k - 1044. Determine n(-219).
51
Let b(w) = -1098*w - 274499. Calculate b(-250).
1
Let y(r) = -6*r**2 + 2799*r + 102097. Give y(-34).
-5
Let n(z) = 3081*z + 104847. Determine n(-34).
93
Let k(s) = -2*s**2 + 196*s - 3304. Calculate k(75).
146
Let p(s) = -829*s + 250381. What is p(302)?
23
Let s(x) = 161*x**2 - 45805*x - 22806. Determine s(285).
-6
Let j(p) = 140357*p + 2105253. Calculate j(-15).
-102
Let o(z) = -3*z**2 + 2489*z + 40603. Calculate o(-16).
11
Let q(b) = -6*b**3 + 79*b**2 + 155*b - 2169. Give q(13).
15
Let q(u) = u**3 - 46*u**2 + 463*u - 974. Determine q(11).
-116
Let x(j) = j**3 - 15*j**2 - 369*j + 3549. Calculate x(25).
574
Let c(k) = 83*k**2 - 986*k - 679. What is c(13)?
530
Let w(t) = -29*t**2 - 1381*t + 536. Determine w(-48).
8
Let p(b) = 155*b**2 - 9622*b + 728. Give p(62).
-16
Let s(k) = 2*k**3 - 4*k**2 + 23*k - 48. Determine s(3).
39
Let l(v) = 72*v**2 + 5044*v + 237. Calculate l(-70).
-43
Let l(q) = -2*q**3 - 64*q**2 + 522*q + 20333. What is l(-29)?
149
Let s(p) = -16*p**2 + 20958*p - 125167. Determine s(6).
5
Let b(m) = -m**3 - 110*m**2 + 1262*m - 8387. Determine b(-121).
-38
Let q(g) = 3*g**2 + 571*g - 11248. Give q(18).
2
Let w(z) = -6304*z + 12614. Determine w(2).
6
Let b(t) = -13412*t - 40190. Calculate b(-3).
46
Let q(t) = 3523*t - 34816. Determine q(9).
-3109
Let x(k) = -k**2 - 11480*k + 91896. Give x(8).
-8
Let m(t) = -9*t**2 + 99*t - 301. Determine m(5).
-31
Let u(g) = 279305*g + 2513615. Calculate u(-9).
-130
Let z(v) = 177*v**2 + 270*v + 571. Calculate z(-3).
1354
Let j(k) = k**2 - 76*k - 619. Calculate j(84).
53
Let v(l) = 6*l**3 + 52*l**2 - 508*l - 849. Determine v(-14).
-9
Let l(r) = -r**2 - 197*r - 1592. What is l(-164)?
3820
Let c(x) = -13*x**3 - 156*x**2 + 10*x + 153. Give c(-12).
33
Let b(f) = f**3 + 36*f**2 + 1248*f + 14023. What is b(-15)?
28
Let f(p) = -4*p**2 - 29*p + 211. What is f(14)?
-979
Let j(o) = 44*o**2 - 207*o - 32. Calculate j(5).
33
Let j(l) = -17*l**2 + 1144*l - 2278. Calculate j(2).
-58
Let u(a) = -71*a**2 + 10370*a - 515. Give u(146).
69
Let h(n) = 3*n**3 + 1739*n**2 - 2367*n - 25148. Give h(-581).
-165
Let k(q) = q**3 - 515*q**2 + 1983*q + 31153. What is k(511)?
-18
Let s(y) = y**2 + 535*y + 69920. Determine s(-307).
-76
Let p(c) = 69*c - 25657. Give p(372).
11
Let b(y) = y**3 - 14*y**2 - 70*y - 2. Give b(16).
-610
Let n(y) = -y**3 - 19*y**2 - 79*y + 159. Determine n(-20).
2139
Let x(s) = -2*s**3 + 22*s**2 - 113*s + 188. Determine x(3).
-7
Let j(r) = -r**2 + 224*r - 7681. What is j(43)?
102
Let g(p) = 219*p**2 + 494*p - 17965. What is g(8)?
3
Let m(o) = -21*o + 268. Determine m(-62).
1570
Let y(b) = -870*b - 66970. Give y(-77).
20
Let d(l) = -2*l**2 - 9106*l - 654077. Give d(-73).
3
Let w(t) = t**3 - 9*t**2 + 12635*t - 139234. Give w(11).
-7
Let t(y) = 3*y**3 - 152*y**2 - 125*y + 2910. Determine t(51).
-864
Let k(x) = 3*x**3 - 28*x**2 - 6*x + 700. Give k(12).
1780
Let c(y) = y**3 + 10*y**2 + 51550*y + 360679. Give c(-7).
-24
Let z(q) = -1113*q + 26934. Calculate z(26).
-2004
Let c(a) = -a**3 + 2*a**2 - 49*a - 296. Give c(-4).
-4
Let k(z) = -z**3 - 22*z**2 + 3356*z - 196. Determine k(-70).
84
Let b(o) = -2*o**3 + 118*o**2 - 76*o + 202. What is b(58)?
2522
Let m(q) = 4183*q + 184049. Determine m(-44).
-3
Let n(z) = z**3 + 39*z**2 - 108*z - 490. Give n(-41).
576
Let p(o) = 3*o**2 + 25678*o + 588990. Give p(-23).
-17
Let j(v) = 2*v**3 - 392*v - 1705. What is j(-5)?
5
Let s(f) = f**2 + 127*f - 5275. Determine s(33).
5
Let o(b) = 2*b**3 + 520*b**2 + 2151*b + 26381. Calculate o(-256).
13
Let g(k) = 5*k**2 - 703*k - 8522. Calculate g(-12).
634
Let x(n) = n**3 + 118*n**2 + 226*n - 38334. What is x(-113)?
-27
Let w(i) = -112*i - 2851. Calculate w(-26).
61
Let g(l) = 1868528*l**2 + 3737060*l + 1. Give g(-2).
-7
Let u(i) = -5930*i + 551739. Determine u(93).
249
Let z(j) = -12047*j - 180795. Calculate z(-15).
-90
Let a(y) = 12*y**2 - 50*y - 2281. Determine a(16).
-9
Let p(v) = -v**3 - 162*v**2 - 459*v + 2872. What is p(-159)?
10
Let m(p) = -p**2 - 8*p + 35. Give m(7).
-70
Let x(k) = 7*k**2 + 1151*k + 17951. Calculate x(-147).
17
Let w(v) = 2*v**2 + 498*v - 25186. Give w(45).
1274
Let u(r) = -564*r**2 - 9584*r - 16. Determine u(-17).
-84
Let n(p) = 28*p**3 - 783*p**2 - 2*p + 32. Give n(28).
760
Let z(c) = -15909*c - 4534055. Give z(-285).
10
Let r(j) = 17558*j + 70321. What is r(-4)?
89
Let y(n) = -570*n + 176983. Determine y(311).
-287
Let o(h) = -48*h**3 + 735*h - 732. Calculate o(1).
-45
Let m(u) = -u**3 - 653*u**2 - 5785*u + 7074. Calculate m(-644).
-10
Let j(n) = -n**3 + 205*n**2 - 859*n - 66760. Calculate j(199).
-95
Let n(d) = d**3 + 28*d**2 + 191*d - 19. Determine n(-13).
33
Let l(b) = 54*b**2 - 6955*b - 1402. What is l(129)?
17
Let h(s) = -6766*s + 94691. Determine h(14).
-33
Let l(s) = -1239*s + 53794. Determine l(43).
517
Let r(k) = 24*k**3 - 9*k**2 - 2491*k + 2501. Determine r(1).
25
Let d(j) = -2088*j - 26861. What is d(-13)?
283
Let n(w) = -900*w + 155832. Calculate n(172).
1032
Let n(x) = 3*x**2 + 3*x + 342. Give n(-18).
1260
Let c(v) = 13445*v - 80743. Determine c(6).
-73
Let j(r) = -r**3 - 94*r**2 + 985*r + 17230. What is j(-102)?
-8
Let f(s) = -33474*s + 1439383. Calculate f(43).
1
Let s(b) = 4*b**2 + 580*b + 19653. Determine s(-58).
-531
Let c(y) = -y**3 + 10*y**2 + 52*y + 302. Determine c(15).
-43
Let d(q) = -37*q**2 + 780*q - 82. What is d(21)?
-19
Let v(g) = 608*g - 47128. What is v(80)?
1512
Let b(s) = -4*s**3 + 306*s**2 - 1565*s + 219. Calculate b(71).
6
Let p(g) = 84385*g - 1096984. What is p(13)?
21
Let j(g) = 40*g - 243. Determine j(4).
-83
Let v(a) = 116*a**3 + 728*a**2 + 33*a + 20. Give v(-6).
974
Let b(c) = -6444*c + 51029. Calculate b(8).
-523
Let m(a) = 381*a**3 + 10*a**2 - 19*a + 10. Determine m(1).
382
Let g(s) = -33*s**2 - 757*s - 4. What is g(-24)?
-844
Let a(i) = 729*i + 28283. Give a(-39).
-148
Let g(o) = o**2 - 173*o + 6511. Determine g(124).
435
Let v(a) = -4*a**3 - 23*a**2 - 44*a - 316. Determine v(-8).
612
Let k(v) = -7796*v - 46847. Calculate k(-6).
-71
Let b(l) = -103885*l - 8830217. Determine b(-85).
8
Let m(n) = -21*n**2 + 4230*n - 1809. Determine m(201).
0
Let n(a) = -29282*a - 234038. Calculate n(-8).
218
Let s(f) = f**3 - 76*f**2 - 14660*f + 1114165. Give s(76).
5
Let b(h) = -38*h - 142. Calculate b(13).
-636
Let q(j) = 1676*j - 197727. What is q(118)?
41
Let h(a) = 19*a**2 - 1432*a + 235. Calculate h(0).
235
Let s(g) = 1942*g - 66867. What is s(35)?
1103
Let m(l) = -l**2 + 216*l - 9308. Calculate m(61).
147
Let x(q) = 18*q**2 - 136*q + 1035. What is x(8)?
1099
Let z(v) = 114262*v + 914205. Give z(-8